 532918207 prime?
False
Is 3289977823 a composite number?
True
Is 3931625879 composite?
False
Is 3245692451 composite?
False
Is 312128754137 composite?
True
Is 3288831787 composite?
False
Is 26967736613 a composite number?
False
Is 13025666041 a prime number?
False
Is 808485973 a prime number?
True
Is 6231093293 composite?
True
Is 76276903 prime?
False
Is 677059343 prime?
False
Is 1428911537 a prime number?
False
Is 305897909 a composite number?
True
Is 17627606701 a composite number?
False
Is 69868878601 prime?
False
Is 918237569 prime?
True
Is 10448609077 a prime number?
True
Is 739786967 composite?
False
Is 533330657 prime?
True
Is 55102421015 composite?
True
Is 19141158943 composite?
False
Is 3597227 a prime number?
True
Is 1200935599 a prime number?
True
Is 6614348857 a prime number?
False
Is 3145065941 prime?
True
Is 239110019 composite?
False
Is 372158971 a composite number?
False
Is 3567513757 a composite number?
True
Is 3238171042 composite?
True
Is 11623677271 a prime number?
True
Is 62173000291 composite?
False
Is 1186403551 prime?
True
Is 12103285829 a prime number?
True
Is 42937670141 a prime number?
False
Is 24612996047 a prime number?
True
Is 22263923057 prime?
False
Is 12690085583 a prime number?
False
Is 21259455121 composite?
True
Is 142584163009 a prime number?
True
Is 323640451 prime?
False
Is 21655236331 composite?
False
Is 6689717491 a prime number?
False
Is 23470044167 prime?
False
Is 24262587103 a prime number?
True
Is 839989151 a prime number?
False
Is 19696695883 a prime number?
True
Is 11318858171 a prime number?
False
Is 11876835301 prime?
False
Is 3310027169 a composite number?
False
Is 13057936169 a composite number?
True
Is 1431498869 prime?
False
Is 75174103 composite?
True
Is 37195128101 a composite number?
False
Is 744541361 a prime number?
False
Is 5078956247 a composite number?
False
Is 3132932161 prime?
True
Is 1626985769 prime?
True
Is 1918923403 a composite number?
False
Is 143119429 a composite number?
True
Is 1912532873 a prime number?
False
Is 2741383157 a composite number?
False
Is 97018667 a prime number?
True
Is 5199491057 a prime number?
True
Is 151146587 a prime number?
False
Is 15591164557 a prime number?
False
Is 279913993259 prime?
True
Is 1990363885 a prime number?
False
Is 794671379 prime?
True
Is 4779649069 a composite number?
True
Is 13617028693 prime?
True
Is 23695962487 composite?
True
Is 52344045037 prime?
True
Is 1690506821 composite?
False
Is 8637673349 a prime number?
True
Is 98479992181 prime?
False
Is 34625441551 composite?
True
Is 4009811173 a composite number?
False
Is 3638264897 prime?
False
Is 47224837 a composite number?
True
Is 17753951141 a prime number?
False
Is 210721003 composite?
False
Is 2470387267 a composite number?
True
Is 117432283 composite?
False
Is 12371787061 prime?
False
Is 10775669107 a prime number?
False
Is 614670311 a composite number?
True
Is 2104837247 a composite number?
False
Is 7738970947 a prime number?
True
Is 157883859073 a prime number?
False
Is 441493054 a composite number?
True
Is 2748436549 composite?
True
Is 1147270301 a composite number?
True
Is 32653006163 prime?
False
Is 3099617341 composite?
False
Is 106321762531 a prime number?
False
Is 352739903 composite?
False
Is 48744990227 composite?
False
Is 15663840683 composite?
False
Is 661898509 a prime number?
False
Is 3437151061 composite?
False
Is 23369709449 composite?
True
Is 2078026309 a composite number?
False
Is 143186941 prime?
True
Is 510453821 a composite number?
False
Is 625593002 a prime number?
False
Is 1125728029 prime?
True
Is 243755437 prime?
True
Is 2521091593 a prime number?
True
Is 154548889765 a prime number?
False
Is 38942711867 composite?
False
Is 3948403313 a composite number?
False
Is 636903109 prime?
True
Is 181692697 a composite number?
True
Is 80638278407 a composite number?
False
Is 658890319 a composite number?
True
Is 3581344345 a composite number?
True
Is 148226027639 a prime number?
True
Is 12797705083 prime?
False
Is 19904333243 a prime number?
True
Is 5988111477 composite?
True
Is 1314231943 a prime number?
True
Is 37507273717 composite?
False
Is 42806114699 a composite number?
True
Is 35060569997 prime?
False
Is 6788269666 composite?
True
Is 866474617 a prime number?
True
Is 89730197 composite?
False
Is 10646244041 a composite number?
False
Is 2144009663 composite?
True
Is 1633373117 composite?
False
Is 12507546013 a composite number?
False
Is 2694756689 a prime number?
True
Is 52835879009 prime?
False
Is 4412241943 a composite number?
False
Is 979224949 composite?
False
Is 10575166717 prime?
True
Is 6812881139 a prime number?
True
Is 64341737 a prime number?
True
Is 290740711 a prime number?
False
Is 2131226563 a prime number?
False
Is 1195523273 composite?
True
Is 6100253879 composite?
False
Is 1076007557 a prime number?
True
Is 21021269421 a composite number?
True
Is 39481123027 a prime number?
False
Is 6053441027 prime?
True
Is 7923075509 a composite number?
False
Is 31501079069 a composite number?
False
Is 6481801663 a prime number?
True
Is 5083829 a prime number?
False
Is 12998348893 composite?
False
Is 136880467 prime?
False
Is 525532591 a composite number?
True
Is 17792425141 composite?
False
Is 729276283 prime?
True
Is 73672115981 a composite number?
False
Is 821880143 composite?
True
Is 12840238847 prime?
True
Is 339479143 a prime number?
False
Is 18137025895 prime?
False
Is 43873092145 a composite number?
True
Is 5434953169 a composite number?
False
Is 155318815027 a composite number?
False
Is 4661153417 prime?
False
Is 229970777 composite?
False
Is 23979987323 prime?
False
Is 9363416437 prime?
False
Is 1261601039 prime?
False
Is 4824911717 prime?
True
Is 15384064169 a composite number?
False
Is 8688088729 prime?
False
Is 2359338647 prime?
False
Is 419503607 prime?
False
Is 130975087 prime?
False
Is 665083853 a composite number?
True
Is 135593228867 a composite number?
False
Is 51779447639 composite?
True
Is 2418061397 composite?
False
Is 1592224691 prime?
True
Is 60435055397 composite?
False
Is 1982194943 prime?
True
Is 3650829287 composite?
True
Is 917234009 a prime number?
False
Is 25452503633 prime?
True
Is 566856019 composite?
False
Is 9488892169 a composite number?
True
Is 7347351017 a prime number?
True
Is 113323613 a prime number?
False
Is 736946003 composite?
True
Is 57734994979 a composite number?
True
Is 12675635227 prime?
False
Is 453441427 composite?
True
Is 61123631453 prime?
True
Is 4707017311 composite?
False
Is 5735646317 a prime number?
False
Is 4180342181 composite?
False
Is 812882417 a prime number?
True
Is 7279430891 a prime number?
True
Is 4319307353 composite?
False
Is 111451621 prime?
True
Is 2005900363 prime?
False
Is 306907655 composite?
True
Is 39506161 composite?
True
Is 6040215353 a composite number?
True
Is 24031529549 a composite number?
False
Is 2789395381 composite?
False
Is 98050602271 a composite number?
False
Is 1150522897 a composite number?
False
Is 60135757411 composite?
False
Is 2701694617 a prime number?
True
Is 2441634711 a composite number?
True
Is 2043970377 prime?
False
Is 1070451227 composite?
True
Is 36695261 a composite number?
False
Is 88763061 a composite number?
True
Is 69627917 a composite number?
False
Is 45987690629 a composite number?
True
Is 80528620163 prime?
False
Is 13011447653 a prime number?
True
Is 7434143323 a composite number?
False
Is 943029611 a composite number?
True
Is 286363111 prime?
True
Is 4269014351 prime?
False
Is 5462039773 a prime number?
True
Is 11940574769 composite?
True
Is 327104111 a composite number?
False
Is 3025864879 composite?
False
Is 197942149 prime?
True
Is 2924676839 a composite number?
True
Is 35998307 composite?
False
Is 508429553 prime?
True
Is 2355849319 a composite number?
False
Is 2494728559 composite?
False
Is 5579305139 prime?
True
Is 142640198867 a composite number?
True
Is 43363219 prime?
False
Is 35461549963 prime?
False
Is 11528235671 prime?
True
Is 57573845869 prime?
True
Is 381627797 a prime number?
True
Is 6576215053 composite?
False
Is 16695691289 composite?
True
Is 59176306523 a prime number?
False
Is 29280439339 composite?
False
Is 95331167879 a composite number?
True
Is 3112635137 prime?
False
Is 2418260519 composite?
False
Is 6347947961 p